{"id":320,"date":"2018-04-04T15:04:36","date_gmt":"2018-04-04T19:04:36","guid":{"rendered":"http:\/\/www.vagovernorsschool.com\/FrenchAcademy\/?page_id=320"},"modified":"2026-04-27T10:40:05","modified_gmt":"2026-04-27T14:40:05","slug":"formations","status":"publish","type":"page","link":"https:\/\/www.vagovernorsschool.com\/FrenchAcademy\/formations\/","title":{"rendered":"Formations"},"content":{"rendered":"\n<h3 class=\"wp-block-heading\"><strong>LES COURS<\/strong> 2025<\/h3>\n\n\n\n<figure class=\"wp-block-table is-style-regular\"><table><tbody><tr><td><strong>Devenir \u00c9crivain<\/strong> <br>Professeure Delphine Kattal<br><strong><mark style=\"background-color:rgba(0, 0, 0, 0)\" class=\"has-inline-color has-white-color\">Schmetterlingseffekt<\/mark><\/strong><\/td><td class=\"has-text-align-left\" data-align=\"left\">Apprendre aux acad\u00e9miciens de fa\u00e7on pratique la bonne \u00e9criture avec toute sa substance po\u00e9tique dans une singularit\u00e9 originale : Tout le monde peut devenir \u00e9crivain. Oh! Non, que dis-je? En tout \u00eatre, se dort un \u00e9crivain potentiel qui attend d&#8217;\u00eatre galvanis\u00e9. Devenir \u00e9crivain:<br>C\u2019est penser, repenser et panser les fractures sociales \u00e0 l\u2019aide de sa plume. C\u2019est se former, se transformer dans l\u2019\u00e9volution de sa pens\u00e9e. C\u2019est s&#8217;additionner et s\u2019\u00e9vader dans le monde de l\u2019\u00e9criture pour apaiser l\u2019\u00e2me. C\u2019est apprendre \u00e0 \u00e9crire son r\u00eave et sa pens\u00e9e\u2026<\/td><\/tr><tr><td><strong>l\u2019Histoire d\u2019Art &#8211; \u00e0 Travers la Culture et l\u2019Histoire en France<\/strong><br>Professeure Mary Katherine (Micky) Lynch Conner<\/td><td class=\"has-text-align-left\" data-align=\"left\">Ce cours est une \u00e9tude sur les grands mouvements artistiques du 19\u00e8me et 20\u00e8me si\u00e8cles en France. Nous \u00e9tudierons comment l&#8217;histoire et la culture sont \u00e9troitement li\u00e9es \u00e0 la production artistique et comment chaque mouvement, au niveau style et th\u00e9matique, refl\u00e8te de l&#8217;\u00e9tat d&#8217;\u00e2me de la soci\u00e9t\u00e9. Nous commencerons \u00e0 explorer l&#8217;histoire de l&#8217;art en France par le tableau &#8220;Le Radeau de M\u00e9duse&#8221; de G\u00e9ricault car cette \u0153uvre, en coupant radicalement de l&#8217;acad\u00e9misme, pr\u00e9sage toutes les grandes innovations des mouvements de l&#8217;art moderne du 19\u00e8me et 20\u00e8me si\u00e8cles. Pour mieux nous projeter dans les \u0153uvres pr\u00e9sent\u00e9es, nous les recr\u00e9erons \u00e0 notre mani\u00e8re lors des ateliers d&#8217;art plastique.<\/td><\/tr><tr><td><strong>La Francophonie: <\/strong><br><strong>La vie quotidienne dans la Francophonie <\/strong><br>Professeur Elom Atsevede<\/td><td class=\"has-text-align-left\" data-align=\"left\">Le cours \u00ab La vie quotidienne dans la Francophonie \u00bb invite les \u00e9l\u00e8ves \u00e0 d\u00e9couvrir comment les populations francophones vivent au quotidien \u00e0 travers le monde. Les \u00e9l\u00e8ves exploreront la vie en France, au Canada (Qu\u00e9bec), au S\u00e9n\u00e9gal, au Burkina Faso, en Ha\u00efti et dans d\u2019autres r\u00e9gions francophones.<br><br>\u00c0 travers des th\u00e8mes concrets comme la famille, l\u2019\u00e9cole, l\u2019alimentation et les loisirs, ils compareront les modes de vie et observeront la diversit\u00e9 des accents, des expressions et des cultures. \u00c0 l\u2019aide de documents authentiques et d\u2019activit\u00e9s interactives, les \u00e9l\u00e8ves d\u00e9velopperont leurs comp\u00e9tences linguistiques tout en acqu\u00e9rant une meilleure compr\u00e9hension interculturelle.<\/td><\/tr><tr><td><strong>Un jour, une question sur la justice criminelle et p\u00e9nale dans le contexte social<br><\/strong>Professeure Maria Mouchati<\/td><td class=\"has-text-align-left\" data-align=\"left\">La responsabilit\u00e9 p\u00e9nale n\u00e9cessite souvent des poursuites strat\u00e9giques, des m\u00e9thodologies d\u2019enqu\u00eate sp\u00e9cifiques, une vari\u00e9t\u00e9 de processus sp\u00e9ciaux et une combinaison d\u2019approches tant punitives que r\u00e9paratrices. Ces approches ou initiatives doivent r\u00e9pondre aux int\u00e9r\u00eats p\u00e9naux mais aussi sociaux. Les \u00e9tudiants discuteront les \u00e9tapes, trouveront des solutions dans le but de reconstruire le tissu social.<\/td><\/tr><tr><td><strong>Au c\u0153ur de l\u2019esprit : un survol de la psychologie<\/strong><br>Professeure Sadie Crockett<\/td><td class=\"has-text-align-left\" data-align=\"left\">Dans ce cours, vous explorerez les parties du cerveau et leur fonctions. Nous d\u00e9couvrons ensemble l\u2019aire de Broca, le r\u00f4le que joue l\u2019amygdale et l\u2019importance des souvenirs collectives. Vous jouerez avec ses id\u00e9es en classe \u00e0 l\u2019aide des d\u00e9bats, des jeux de r\u00f4le et des projets d\u2019art-plastique. Vous apprendrez \u00e0 mieux vous exprimer au sujet des \u00e9motions et vous d\u00e9velopperez une meilleure compr\u00e9hension de l\u2019organe, peut-\u00eatre, le plus important du corps humain.<\/td><\/tr><\/tbody><\/table><\/figure>\n","protected":false},"excerpt":{"rendered":"<p>LES COURS 2025 Devenir \u00c9crivain Professeure Delphine KattalSchmetterlingseffekt Apprendre aux acad\u00e9miciens de fa\u00e7on pratique la bonne \u00e9criture avec toute sa &hellip; <\/p>\n","protected":false},"author":1,"featured_media":0,"parent":0,"menu_order":0,"comment_status":"closed","ping_status":"closed","template":"templates\/template-courses.php","meta":{"footnotes":""},"class_list":["post-320","page","type-page","status-publish","hentry","latest_post"],"_links":{"self":[{"href":"https:\/\/www.vagovernorsschool.com\/FrenchAcademy\/wp-json\/wp\/v2\/pages\/320","targetHints":{"allow":["GET"]}}],"collection":[{"href":"https:\/\/www.vagovernorsschool.com\/FrenchAcademy\/wp-json\/wp\/v2\/pages"}],"about":[{"href":"https:\/\/www.vagovernorsschool.com\/FrenchAcademy\/wp-json\/wp\/v2\/types\/page"}],"author":[{"embeddable":true,"href":"https:\/\/www.vagovernorsschool.com\/FrenchAcademy\/wp-json\/wp\/v2\/users\/1"}],"replies":[{"embeddable":true,"href":"https:\/\/www.vagovernorsschool.com\/FrenchAcademy\/wp-json\/wp\/v2\/comments?post=320"}],"version-history":[{"count":66,"href":"https:\/\/www.vagovernorsschool.com\/FrenchAcademy\/wp-json\/wp\/v2\/pages\/320\/revisions"}],"predecessor-version":[{"id":2923,"href":"https:\/\/www.vagovernorsschool.com\/FrenchAcademy\/wp-json\/wp\/v2\/pages\/320\/revisions\/2923"}],"wp:attachment":[{"href":"https:\/\/www.vagovernorsschool.com\/FrenchAcademy\/wp-json\/wp\/v2\/media?parent=320"}],"curies":[{"name":"wp","href":"https:\/\/api.w.org\/{rel}","templated":true}]}}