{"id":2729,"date":"2025-04-29T14:25:02","date_gmt":"2025-04-29T18:25:02","guid":{"rendered":"https:\/\/www.vagovernorsschool.com\/FrenchAcademy\/?page_id=2729"},"modified":"2026-04-27T16:37:31","modified_gmt":"2026-04-27T20:37:31","slug":"enseignants-2-copy","status":"publish","type":"page","link":"https:\/\/www.vagovernorsschool.com\/FrenchAcademy\/enseignants-2-copy\/","title":{"rendered":"L&#8217;\u00c9quipe 2026"},"content":{"rendered":"\n\n\t<strong>Taron Ware<br \/>\n<\/strong>(Directeur)\n\t\t\t\t<img decoding=\"async\" src=\"https:\/\/www.vagovernorsschool.com\/FrenchAcademy\/wp-content\/uploads\/2026\/04\/DSC03473-300x300.jpg\" alt=\"DSC03473\" itemprop=\"image\" height=\"300\" width=\"300\" title=\"DSC03473\" onerror=\"this.style.display='none'\" loading='lazy' \/>\n\t<p>&nbsp;<\/p>\n<p>&nbsp;<\/p>\nBIENVENUE \u00c0 L&#8217;ACAD\u00c9MIE FRAN\u00c7AISE !<br \/>\nVous \u00eates sur le point d&#8217;embarquer dans un voyage francophone qui va vous transformer la vie !<br \/>\nJe m&#8217;appelle Taron Ware, et j&#8217;ai l&#8217;honneur d&#8217;assumer les fonctions de directeur cette ann\u00e9e. Il y a seize ans, moi aussi j&#8217;\u00e9tais \u00e0 votre place en tant qu&#8217;acad\u00e9micien !<br \/>\nProf de fran\u00e7ais depuis neuf ans, j&#8217;ai v\u00e9cu, travaill\u00e9 et \u00e9tudi\u00e9 en France, en Belgique, en C\u00f4te d&#8217;Ivoire et au Mali. Chaque exp\u00e9rience m&#8217;a confirm\u00e9 une chose : le fran\u00e7ais ouvre des portes qu&#8217;on n&#8217;aurait jamais pu imaginer.<br \/>\nPlongez-vous \u00e0 fond, et apportez votre petite pierre \u00e0 la francophonie. J&#8217;ai h\u00e2te de vous rencontrer !\n\t<strong>Melissa Petroski<br \/>\n<\/strong>(Professeure Principale)\n\t\t\t\t<img decoding=\"async\" src=\"https:\/\/www.vagovernorsschool.com\/FrenchAcademy\/wp-content\/uploads\/2026\/04\/DSC03495-300x300.jpg\" alt=\"DSC03495\" itemprop=\"image\" height=\"300\" width=\"300\" title=\"DSC03495\" onerror=\"this.style.display='none'\" loading='lazy' \/>\n\t<p>&nbsp;<\/p>\n<p>&nbsp;<\/p>\n<p>Je suis n\u00e9e \u00e0 New York, o\u00f9 j&#8217;\u00e9tais professeur de fran\u00e7ais et de l&#8217;espagnol depuis 18 ans.\u00a0 En 2021 j&#8217;ai d\u00e9m\u00e9nag\u00e9 en Virginie o\u00f9 j&#8217;ai v\u00e9cu pendant quatre ans. Pendant ce temps-l\u00e0 j&#8217;ai eu le privil\u00e8ge d&#8217;\u00eatre prof dans l&#8217;Acad\u00e9mie fran\u00e7aise en 2022 et 2024 . En juin 2025 j&#8217;ai pris ma retraite et on a d\u00e9m\u00e9nag\u00e9 en Floride, pour essayer quelque chose de nouveau, l&#8217;immobilier.\u00a0 Mais, l&#8217;enseignement est ma vocation et j&#8217;ai trouv\u00e9 que c&#8217;\u00e9tait tr\u00e8s difficile de s&#8217;en d\u00e9tacher, alors, je sors de ma retraite, je vais continuer \u00e0 enseigner cette ann\u00e9e qui vient et \u00e7a commence avec cette Acad\u00e9mie 2026.\u00a0 Je suis ravie d&#8217;\u00eatre la professeure principale et d&#8217;enseigner \u00e0 vous, les acad\u00e9miciens magnifiques de 2026.\u00a0 J&#8217;ai h\u00e2te de rire, de jouer, de cr\u00e9er, d&#8217;explorer, de danser, d&#8217;enseigner avec vous tous totalement en fran\u00e7ais.<\/p>\n\t<strong>Elom Atsavede<br \/>\n<\/strong>(Professeur)\n\t\t\t\t<img decoding=\"async\" src=\"https:\/\/www.vagovernorsschool.com\/FrenchAcademy\/wp-content\/uploads\/2026\/04\/DSC03481-300x300.jpg\" alt=\"DSC03481\" itemprop=\"image\" height=\"300\" width=\"300\" title=\"DSC03481\" onerror=\"this.style.display='none'\" loading='lazy' \/>\n\t<p>&nbsp;<\/p>\n<p>&nbsp;<\/p>\n<p>Je m&#8217;appelle Elom Atsavede et je suis professeur de fran\u00e7ais avec plus de 15 ans d&#8217;exp\u00e9rience. Je suis locuteur natif du fran\u00e7ais, originaire du Togo, pays francophone. J&#8217;enseigne le fran\u00e7ais du niveau d\u00e9butant au niveau avanc\u00e9, y compris les cours AP. Je suis passionn\u00e9 par l&#8217;enseignement interactif et la communication en immersion. Mon objectif est d&#8217;aider les \u00e9tudiants \u00e0 parler fran\u00e7ais avec confiance et aisance.<\/p>\n\t<strong>Sadie A Armenta<br \/>\n<\/strong>(Professeure)\n\t\t\t\t<img decoding=\"async\" src=\"https:\/\/www.vagovernorsschool.com\/FrenchAcademy\/wp-content\/uploads\/2026\/04\/DSC03485-300x300.jpg\" alt=\"DSC03485\" itemprop=\"image\" height=\"300\" width=\"300\" title=\"DSC03485\" onerror=\"this.style.display='none'\" loading='lazy' \/>\n\t<p>&nbsp;<\/p>\n<p>&nbsp;<\/p>\n<p>\u00a0Chez moi, il faut savoir que j&#8217;adore enseigner autant que j&#8217;adore apprendre. C&#8217;est donc un plaisir absolu de retourner \u00e0 l&#8217;Acad\u00e9mie Fran\u00e7aise pour la deuxi\u00e8me fois. J&#8217;ai h\u00e2te de vous faire d\u00e9couvrir un peu vos esprits dans le milieu de la psychologie ! \u00c0 part les \u00e9tudes de langue,\u00a0 j&#8217;aime bien lire, \u00e9crire, cuisiner, faire du patin et dessiner !<\/p>\n<p>\u00a0J&#8217;ai \u00e9tudi\u00e9 le fran\u00e7ais \u00e0 l&#8217;Universit\u00e9 de Caroline de l&#8217;Est et \u00e0 l&#8217;Universit\u00e9 de Pau en France. En France, j&#8217;ai habit\u00e9 avec une famille d&#8217;accueil qui ne parlait pas du tout l&#8217;anglais. C&#8217;\u00e9tait ma premi\u00e8re fois en immersion totale. L\u00e0, j&#8217;ai trouv\u00e9 une passion pour la langue fran\u00e7aise. Peu apr\u00e8s mes \u00e9tudes, j&#8217;ai postul\u00e9 un travail d&#8217;assistante de langue avec TAPIF\u00a0 et j&#8217;ai \u00e9t\u00e9 affect\u00e9 dans l&#8217;Acad\u00e9mie de Toulouse. En 2024, j&#8217;ai obtenu mon dipl\u00f4me de Masters \u00e0 Middlebury College Language Schools o\u00f9 je me suis sp\u00e9cialis\u00e9e en linguistique et p\u00e9dagogie.<\/p>\n<p>\u00a0Depuis 2019, j&#8217;enseigne le fran\u00e7ais \u00e0 un lyc\u00e9e priv\u00e9 en Caroline du Nord. On fait souvent les voyages l&#8217;\u00e9t\u00e9 et justement c&#8217;est la raison pour laquelle je vous rejoindrai un peu en retard cet \u00e9t\u00e9 ; j&#8217;am\u00e8ne mes \u00e9l\u00e8ves \u00e0 une \u00e9cole d&#8217;immersion internationale \u00e0 Nice en France. J&#8217;arriverai tout de suite apr\u00e8s ! Il me tarde de vous conna\u00eetre tous et toutes ! A tr\u00e8s bient\u00f4t !<\/p>\n\t<strong>Jonathan A Briley<br \/>\n<\/strong>(Professeur)\n\t\t\t\t<img decoding=\"async\" src=\"https:\/\/www.vagovernorsschool.com\/FrenchAcademy\/wp-content\/uploads\/2026\/04\/DSC03475-300x300.jpg\" alt=\"DSC03475\" itemprop=\"image\" height=\"300\" width=\"300\" title=\"DSC03475\" onerror=\"this.style.display='none'\" loading='lazy' \/>\n\t<p>&nbsp;<\/p>\n<p>&nbsp;<\/p>\n<p>Bonjour je m&#8217;appelle Jonathan Briley et j&#8217;ai h\u00e2te de rejoindre cette acad\u00e9mie. J&#8217;ai commenc\u00e9 \u00e0 apprendre la langue fran\u00e7aise \u00e0 l&#8217;universit\u00e9 o\u00f9 j&#8217;ai effectu\u00e9 un stage du festival du film fran\u00e7ais. Apr\u00e8s avoir obtenu mon dipl\u00f4me, j&#8217;ai v\u00e9cu en France en travaillant avec des \u00e9l\u00e8ves fran\u00e7ais. Cela fait maintenant 9 ans que je suis professeur de fran\u00e7ais \u00e0 Richmond. Ma passion est de partager avec mes \u00e9l\u00e8ves la beaut\u00e9 de la diversit\u00e9 francophone et explorer comment elle s&#8217;installe dans les m\u00e9dias artistiques.<\/p>\n\t<strong>Jon(athan) Paul Marye<br \/>\n<\/strong>(Professeur)\n\t\t\t\t<img decoding=\"async\" src=\"https:\/\/www.vagovernorsschool.com\/FrenchAcademy\/wp-content\/uploads\/2026\/04\/DSC03487-300x300.jpg\" alt=\"DSC03487\" itemprop=\"image\" height=\"300\" width=\"300\" title=\"DSC03487\" onerror=\"this.style.display='none'\" loading='lazy' \/>\n\t<p>&nbsp;<\/p>\n<p>&nbsp;<\/p>\n<p>Bonjour \u00e0 vous tous!\u00a0 Mbote mingi na bino nyonso!\u00a0 Originaire de Binghamton, NY, je vis actuellement avec ma femme et mon fils dans le Comt\u00e9 de Floyd en Virginie, situ\u00e9 au c\u0153ur des montagnes de la &#8220;Cr\u00eate Bleue&#8221; (&#8220;Blue Ridge&#8221;). Mon amour pour le fran\u00e7ais et la francophonie est n\u00e9 \u00e0 l&#8217;\u00e2ge de 10 ans quand ma famille a d\u00e9m\u00e9nag\u00e9 \u00e0 l&#8217;Hexagone avant de partir pour Kinshasa en RDC o\u00f9 j&#8217;ai pass\u00e9 la plupart de mes ann\u00e9es de coll\u00e8ge et de lyc\u00e9e. Suite aux \u00e9tudes universitaires en &#8220;Langues Modernes&#8221; pendant lesquelles j&#8217;ai pass\u00e9 une ann\u00e9e inoubliable sous le soleil proven\u00e7al de la r\u00e9gion avignonnaise en France, je me suis trouv\u00e9 en Virginie (en passant par l&#8217;Alaska).\u00a0<\/p>\n<p>Depuis l&#8217;an 2000, j&#8217;ai v\u00e9cu une immense joie d&#8217;une carri\u00e8re en tant qu&#8217;enseignant de fran\u00e7ais et d&#8217;espagnol, d&#8217;abord au Appomattox Regional Governor&#8217;s School \u00e0 Petersburg, ensuite au lyc\u00e9e de Patrick Henry \u00e0 Roanoke, puis au lyc\u00e9e de Floyd County (y compris 3<\/p>\n<p>ans comme coll\u00e8gue de notre cher directeur M. Taron Ware), et enfin au lyc\u00e9e de Blacksburg o\u00f9 je n&#8217;enseigne que le fran\u00e7ais depuis 2021. Tr\u00e8s r\u00e9cemment j&#8217;ai \u00e9t\u00e9 nomm\u00e9 &#8220;Professeur de l&#8217;ann\u00e9e, R\u00e9gion 6&#8221; de la Virginie, et je partirai bient\u00f4t \u00e0 Richmond pour \u00eatre parmi les 7 autres profs des r\u00e9gions afin d&#8217;essayer de gagner le titre de &#8220;Professeur de l&#8217;ann\u00e9e de l&#8217;Etat.&#8221;\u00a0\u00a0<\/p>\n<p>\u00a0<\/p>\n<p>Cet \u00e9t\u00e9 sera ma 3\u00e8me opportunit\u00e9 de partager cette exp\u00e9rience transformatrice aux c\u00f4t\u00e9s de ceux de la famille de l&#8217;Acad\u00e9mie fran\u00e7aise (prof en 2015 et 2016).\u00a0 J&#8217;ai h\u00e2te d&#8217;y reprendre le rythme qui est \u00e0 la fois \u00e9puisant, enrichissant, \u00e9patant, et \u00e9blouissant parmi des \u00e9l\u00e8ves et des coll\u00e8gues avec qui je tisserai des liens inoubliables uniques \u00e0 une telle exp\u00e9rience conviviale.<\/p>\n\t<strong>Micky Conner<br \/>\n<\/strong>(Professeure)\n\t\t\t\t<img decoding=\"async\" src=\"https:\/\/www.vagovernorsschool.com\/FrenchAcademy\/wp-content\/uploads\/2026\/04\/DSC03488-300x300.jpg\" alt=\"DSC03488\" itemprop=\"image\" height=\"300\" width=\"300\" title=\"DSC03488\" onerror=\"this.style.display='none'\" loading='lazy' \/>\n\t<p>&nbsp;<\/p>\n<p>&nbsp;<\/p>\n<p>Bonjour! Je suis ravie d&#8217;\u00eatre avec vous en tant que professeure \u00e0 l&#8217;Acad\u00e9mie Fran\u00e7aise du Gouverneur de la Virginie pour ma septi\u00e8me ann\u00e9e. Actuellement professeure d&#8217;espagnol \u00e0 Louisa County High School je suis revenue d&#8217;une mani\u00e8re aux Etats Unis en\u00a0 2016 apr\u00e8s avoir v\u00e9cu en France pendant 27 ans. Pendant ce long s\u00e9jour pr\u00e8s de Paris, j&#8217;ai pu profiter d&#8217;une carri\u00e8re de professeure d&#8217;anglais et espagnol riche en exp\u00e9rience avec des \u00e9l\u00e8ves de toutes les \u00e2ges et milieux socio-culturels.<\/p>\n<p>En parall\u00e8le avec mon activit\u00e9 professionnelle dans l&#8217;enseignement, la cr\u00e9ation artistique, notamment des tableaux en trois dimensions et la joaillerie, a toujours pris une place importante dans ma vie. J&#8217;ai eu l&#8217;opportunit\u00e9 d&#8217;exposer mes \u0153uvres dans des galeries \u00e0\u00a0 Paris et aux alentours de la capitale.<\/p>\n<p>Avant d&#8217;avoir v\u00e9cu en France, j&#8217;ai pass\u00e9 deux ans en Colombie en tant qu&#8217;\u00e9tudiante d&#8217;\u00e9change d&#8217;o\u00f9 est n\u00e9e ma grande passion pour les autres langues et\u00a0 les autres cultures. Je suis titulaire d&#8217;une licence d&#8217;art plastique et de l&#8217;histoire de l&#8217;art de VCU (Painting and Printmaking) suivi d&#8217;une ma\u00eetrise d&#8217;espagnol et d&#8217;enseignement de UVA.<\/p>\n<h2>\n\t\t\tLes Moniteurs\t<\/h2>\n\t<strong>Nina Howell<br \/>\n<\/strong>(Moniteur Principal)\n\t\t\t\t<img decoding=\"async\" src=\"https:\/\/www.vagovernorsschool.com\/FrenchAcademy\/wp-content\/plugins\/beaver-builder-lite-version\/img\/pixel.png\" alt=\"\" itemprop=\"image\" onerror=\"this.style.display='none'\" loading='lazy' \/>\n\t<p>&nbsp;<\/p>\n<p>&nbsp;<\/p>\n<p>Bonjour Hi! Je m&#8217;appelle Nina et je suis votre mono principale pour cet \u00e9t\u00e9! J&#8217;ai grandi en Virginie du Nord, mais je suis franco-am\u00e9ricaine, le fran\u00e7ais \u00e9tant ma langue natale. Toute ma famille du c\u00f4t\u00e9 de ma m\u00e8re vit en France, et j&#8217;ai grandi en passant les \u00e9t\u00e9s chez ma grand-m\u00e8re dans la petite ville de Ch\u00e2teauroux. En ce moment, je suis \u00e9tudiante de deuxi\u00e8me ann\u00e9e en sciences environnementales et musique \u00e0 l&#8217;Universit\u00e9 McGill \u00e0 Montr\u00e9al. J&#8217;ai particip\u00e9 \u00e0 l&#8217;acad\u00e9mie espagnole en 2023, et j&#8217;ai trop h\u00e2te d&#8217;\u00eatre de retour \u00e0 W&amp;L pour un \u00e9t\u00e9 tout en fran\u00e7ais! Dans mon temps libre, j&#8217;adore aller voir des concerts, faire de la friperie, et lire &#8211; venez me voir pour parler de tout ce qui est musique, mode, et lecture!<\/p>\n\t<strong>Griffin Lewandowski<br \/>\n<\/strong>(Moniteur)\n\t\t\t\t<img decoding=\"async\" src=\"https:\/\/www.vagovernorsschool.com\/FrenchAcademy\/wp-content\/uploads\/2026\/04\/DSC03491-300x300.jpg\" alt=\"DSC03491\" itemprop=\"image\" height=\"300\" width=\"300\" title=\"DSC03491\" onerror=\"this.style.display='none'\" loading='lazy' \/>\n\t<p>&nbsp;<\/p>\n<p>&nbsp;<\/p>\n<p>Bonjour \u00e0 toutes et \u00e0 tous ! Je m&#8217;appelle Griffin Lewandowski (il\/lui), je viens de Fairfax (en Virginie) et j&#8217;ai h\u00e2te de travailler avec vous en tant que moniteur \u00e0 L&#8217;Acad\u00e9mie Fran\u00e7aise de 2026 ! Cet automne, je commencerai ma troisi\u00e8me ann\u00e9e \u00e0 la College of William and Mary ; je m&#8217;y sp\u00e9cialse en \u00e9tudes francophones, et j&#8217;y \u00e9tudie aussi la linguistique et l&#8217;histoire. Je suis passionn\u00e9 par le fran\u00e7ais-le fran\u00e7ais inclusif en particulier (Vous \u00eates tous.tes g\u00e9niaux.ales !)-et le monde francophone ; en fait, j&#8217;ai d\u00e9j\u00e0 visit\u00e9 la France deux fois (en tant que v\u00e9g\u00e9tarien-je serais heureux de vous parler du v\u00e9g\u00e9tarisme \u00e0 l&#8217;Hexagone !) Pendant mon temps libre, il est possible que je planifie un voyage qui tourne autour de la justice sociale avec une organisation dont je fais partie, que je pr\u00e9pare une le\u00e7on en tant que TA pour le programme d&#8217;\u00e9tudes francophones \u00e0 W&amp;M, que je passe du temps avec mes ami.e.s, ou bien que je me prom\u00e8ne dans un environnement naturel. En plus, j&#8217;ai \u00e9t\u00e9 un Acad\u00e9micien \u00e0 W&amp;L en 2023, et je suis ravi de soutenir encore une fois ce merveilleux programme ! Je suis confiant que cette exp\u00e9rience reste pour vous une p\u00e9riode inoubliable concernant vos vies linguistiques, professionnelles, et sociales ; si je suis introverti et je me suis fait des ami.e.s pendant les premiers jours de l&#8217;Acad\u00e9mie, rien ne vous sera impossible si vous faites de votre mieux ! J&#8217;ai h\u00e2te d&#8217;admirer les talents que vous apporterez \u00e0 notre communaut\u00e9, et j&#8217;appr\u00e9cie sinc\u00e8rement votre d\u00e9cision d&#8217;\u00e9tudier la langue fran\u00e7aise et le monde francophone avec nous lors des trois semaines productives qui nous attendent. Profitez du reste de vos ann\u00e9es scolaires pour l&#8217;instant, et j&#8217;attends votre arriv\u00e9e le 20 juin avec impatience ! Bonne chance avec vos examens et projets de fin d&#8217;ann\u00e9e !<\/p>\n\t<strong>Sophia Koch<br \/>\n<\/strong>(Monitrice)\n\t\t\t\t<img decoding=\"async\" src=\"https:\/\/www.vagovernorsschool.com\/FrenchAcademy\/wp-content\/uploads\/2026\/04\/DSC03492-300x300.jpg\" alt=\"DSC03492\" itemprop=\"image\" height=\"300\" width=\"300\" title=\"DSC03492\" onerror=\"this.style.display='none'\" loading='lazy' \/>\n\t<p>&nbsp;<\/p>\n<p>&nbsp;<\/p>\n<p>Bonjour! Je m&#8217;appelle Sophia. J&#8217;\u00e9tais une acad\u00e9micienne en 2024, et j&#8217;ai h\u00e2te de retourner comme une de vos monos cet \u00e9t\u00e9! Je viens de la Plage de Virginie, et cet automne, je vais commencer \u00e0 \u00e9tudier le g\u00e9nie chimique \u00e0 l&#8217;Universit\u00e9. J&#8217;ai une passion pour la vie, et pendant mon temps libre j&#8217;adore jouer au tennis, danser, et jouer du violon. Je suis enthousiaste de vous conna\u00eetre!<\/p>\n\t<strong>Sabah El Beztam<br \/>\n<\/strong>(Monitrice)\n\t\t\t\t<img decoding=\"async\" src=\"https:\/\/www.vagovernorsschool.com\/FrenchAcademy\/wp-content\/plugins\/beaver-builder-lite-version\/img\/pixel.png\" alt=\"\" itemprop=\"image\" onerror=\"this.style.display='none'\" loading='lazy' \/>\n\t<p>&nbsp;<\/p>\n<p>&nbsp;<\/p>\n<p>Je suis Sabah El Beztam, j&#8217;ai 20 ans et je suis fi\u00e8rement originaire du Maroc. Actuellement \u00e9tudiante en troisi\u00e8me ann\u00e9e de licence en Business Administration \u00e0 l&#8217;Universit\u00e9 Mohammed V au Maroc. Le fran\u00e7ais est ma deuxi\u00e8me langue et une v\u00e9ritable passion. Cette ann\u00e9e, j&#8217;ai eu l&#8217;incroyable opportunit\u00e9 de travailler comme partenaire linguistique aupr\u00e8s d&#8217;\u00e9tudiants d&#8217;\u00e9change am\u00e9ricains, une exp\u00e9rience enrichissante qui a nourri mon amour pour le partage interculturel. Je parle cinq langues et je suis \u00e9galement une grande amatrice de musique et de sport. J&#8217;ai \u00e9norm\u00e9ment h\u00e2te de rejoindre l&#8217;Acad\u00e9mie cet \u00e9t\u00e9 en tant que mentor, une aventure que j&#8217;anticipe avec un enthousiasme d\u00e9bordant !<\/p>\n\t<strong>Alexandra Kaitlin Williams<br \/>\n<\/strong>(Monitrice)\n\t\t\t\t<img decoding=\"async\" src=\"https:\/\/www.vagovernorsschool.com\/FrenchAcademy\/wp-content\/plugins\/beaver-builder-lite-version\/img\/pixel.png\" alt=\"\" itemprop=\"image\" onerror=\"this.style.display='none'\" loading='lazy' \/>\n\t<p>&nbsp;<\/p>\n<p>&nbsp;<\/p>\n<p>Bonjour \u00e0 tous ! Je m&#8217;appelle Alexandra et je suis l&#8217;une des mentors de l&#8217;acad\u00e9mie ! Je viens du nord de la Virginie et j&#8217;\u00e9tudie la biologie \u00e0 l&#8217;Universit\u00e9 de Virginie. Je serai dipl\u00f4m\u00e9e en mai et, en ao\u00fbt, je commencerai mes \u00e9tudes de m\u00e9decine v\u00e9t\u00e9rinaire \u00e0 l&#8217;Universit\u00e9 de G\u00e9orgie. J&#8217;ai particip\u00e9 \u00e0 l&#8217;acad\u00e9mie fran\u00e7aise en 2021, je suis donc incroyablement enthousiaste \u00e0 l&#8217;id\u00e9e de retourner, cette fois, sans passer par Zoom ! Pendant mon temps libre, j&#8217;aime courir, cr\u00e9er des \u0153uvres artistiques, \u00e9crire de la po\u00e9sie, et passer du temps aupr\u00e8s des animaux \u00e0 la ferme. J&#8217;ai h\u00e2te de vous rencontrer et peut-\u00eatre de faire un peu de sport ensemble !<\/p>\n\n","protected":false},"excerpt":{"rendered":"<p>Taron Ware (Directeur) &nbsp; &nbsp; BIENVENUE \u00c0 L&#8217;ACAD\u00c9MIE FRAN\u00c7AISE ! Vous \u00eates sur le point d&#8217;embarquer dans un voyage francophone &hellip; <\/p>\n","protected":false},"author":1,"featured_media":0,"parent":0,"menu_order":0,"comment_status":"closed","ping_status":"closed","template":"","meta":{"footnotes":""},"class_list":["post-2729","page","type-page","status-publish","hentry","latest_post"],"_links":{"self":[{"href":"https:\/\/www.vagovernorsschool.com\/FrenchAcademy\/wp-json\/wp\/v2\/pages\/2729","targetHints":{"allow":["GET"]}}],"collection":[{"href":"https:\/\/www.vagovernorsschool.com\/FrenchAcademy\/wp-json\/wp\/v2\/pages"}],"about":[{"href":"https:\/\/www.vagovernorsschool.com\/FrenchAcademy\/wp-json\/wp\/v2\/types\/page"}],"author":[{"embeddable":true,"href":"https:\/\/www.vagovernorsschool.com\/FrenchAcademy\/wp-json\/wp\/v2\/users\/1"}],"replies":[{"embeddable":true,"href":"https:\/\/www.vagovernorsschool.com\/FrenchAcademy\/wp-json\/wp\/v2\/comments?post=2729"}],"version-history":[{"count":33,"href":"https:\/\/www.vagovernorsschool.com\/FrenchAcademy\/wp-json\/wp\/v2\/pages\/2729\/revisions"}],"predecessor-version":[{"id":2928,"href":"https:\/\/www.vagovernorsschool.com\/FrenchAcademy\/wp-json\/wp\/v2\/pages\/2729\/revisions\/2928"}],"wp:attachment":[{"href":"https:\/\/www.vagovernorsschool.com\/FrenchAcademy\/wp-json\/wp\/v2\/media?parent=2729"}],"curies":[{"name":"wp","href":"https:\/\/api.w.org\/{rel}","templated":true}]}}