{"id":1306,"date":"2020-05-11T17:35:03","date_gmt":"2020-05-11T21:35:03","guid":{"rendered":"http:\/\/www.vagovernorsschool.com\/FrenchAcademy\/?page_id=1306"},"modified":"2025-04-28T16:39:04","modified_gmt":"2025-04-28T20:39:04","slug":"horaire-2","status":"publish","type":"page","link":"https:\/\/www.vagovernorsschool.com\/FrenchAcademy\/horaire-2\/","title":{"rendered":"Horaire"},"content":{"rendered":"\n<p class=\"has-text-align-center\"><strong>HORAIRE D\u2019UNE JOURN\u00c9E TYPIQUE 2025<\/strong><\/p>\n\n\n\n<p class=\"has-text-align-center\"><strong>De Lundi \u00e0 Samedi:<\/strong><\/p>\n\n\n\n<figure class=\"wp-block-table\"><table><tbody><tr><td><strong>Heures<\/strong><\/td><td><strong>Activit\u00e9s<\/strong><\/td><td><strong>Lieu<\/strong><\/td><\/tr><tr><td>8h30 \u2013 9h<\/td><td>Petit d\u00e9jeuner<\/td><td>La place du march\u00e9<\/td><\/tr><tr><td>9h &#8211; 12h15<\/td><td>3 Cours diff\u00e9rents<\/td><td>La Sorbonne<\/td><\/tr><tr><td>12h30-13h15<\/td><td>D\u00e9jeuner<\/td><td>La place du march\u00e9<\/td><\/tr><tr><td>13h30-17h00<\/td><td>Correspondence, Activit\u00e9s, Heure de conversation, etc.<\/td><td>Endroits divers<\/td><\/tr><tr><td>17h30-18h15<\/td><td>D\u00eener<\/td><td>La place du march\u00e9<\/td><\/tr><tr><td>18h45-21h<\/td><td>Soir\u00e9es, Spectacles, Surprises<\/td><td>Endroits divers<\/td><\/tr><tr><td>21h00<\/td><td>Lettres\/ lecture\/ devoirs\/ pr\u00e9paration \u00e0 dormir<\/td><td>Chambres<\/td><\/tr><tr><td>22h00<\/td><td>Couvre feu<\/td><td>Au lit<\/td><\/tr><\/tbody><\/table><\/figure>\n\n\n\n<p class=\"has-text-align-center\"><strong>Dimanche:<\/strong><\/p>\n\n\n\n<figure class=\"wp-block-table\"><table><tbody><tr><td>Heures<\/td><td>Activit\u00e9s<\/td><td>Lieu<\/td><\/tr><tr><td>8h00 \u2013 8h30<\/td><td>Petit d\u00e9jeuner<\/td><td>La place du march\u00e9<\/td><\/tr><tr><td>8h30 \u2013 12h<\/td><td>Promenade | \u00c9glise | Sieste Choix libre d\u2019activit\u00e9 !.<\/td><td>Endroits divers<\/td><\/tr><tr><td>12h30-13h15<\/td><td>D\u00e9jeuner<\/td><td>La place du march\u00e9<\/td><\/tr><tr><td>13h30-17h00<\/td><td>Correspondence, Activit\u00e9s, Heure de conversation, etc.<\/td><td>Endroits divers<\/td><\/tr><tr><td>17h30-18h15<\/td><td>D\u00eener<\/td><td>La place du march\u00e9<\/td><\/tr><tr><td>18h45-21h<\/td><td>Soir\u00e9es, Spectacles, Surprises<\/td><td>Endroits divers<\/td><\/tr><tr><td>21h00<\/td><td>Lettres\/ lecture\/ devoirs\/ pr\u00e9paration \u00e0 dormir<\/td><td>Chambres<\/td><\/tr><tr><td>22h00<\/td><td>Couvre feu<\/td><td>Au lit<\/td><\/tr><\/tbody><\/table><\/figure>\n","protected":false},"excerpt":{"rendered":"<p>HORAIRE D\u2019UNE JOURN\u00c9E TYPIQUE 2025 De Lundi \u00e0 Samedi: Heures Activit\u00e9s Lieu 8h30 \u2013 9h Petit d\u00e9jeuner La place du &hellip; <\/p>\n","protected":false},"author":1,"featured_media":0,"parent":0,"menu_order":0,"comment_status":"closed","ping_status":"closed","template":"","meta":{"footnotes":""},"class_list":["post-1306","page","type-page","status-publish","hentry","latest_post"],"_links":{"self":[{"href":"https:\/\/www.vagovernorsschool.com\/FrenchAcademy\/wp-json\/wp\/v2\/pages\/1306","targetHints":{"allow":["GET"]}}],"collection":[{"href":"https:\/\/www.vagovernorsschool.com\/FrenchAcademy\/wp-json\/wp\/v2\/pages"}],"about":[{"href":"https:\/\/www.vagovernorsschool.com\/FrenchAcademy\/wp-json\/wp\/v2\/types\/page"}],"author":[{"embeddable":true,"href":"https:\/\/www.vagovernorsschool.com\/FrenchAcademy\/wp-json\/wp\/v2\/users\/1"}],"replies":[{"embeddable":true,"href":"https:\/\/www.vagovernorsschool.com\/FrenchAcademy\/wp-json\/wp\/v2\/comments?post=1306"}],"version-history":[{"count":13,"href":"https:\/\/www.vagovernorsschool.com\/FrenchAcademy\/wp-json\/wp\/v2\/pages\/1306\/revisions"}],"predecessor-version":[{"id":2711,"href":"https:\/\/www.vagovernorsschool.com\/FrenchAcademy\/wp-json\/wp\/v2\/pages\/1306\/revisions\/2711"}],"wp:attachment":[{"href":"https:\/\/www.vagovernorsschool.com\/FrenchAcademy\/wp-json\/wp\/v2\/media?parent=1306"}],"curies":[{"name":"wp","href":"https:\/\/api.w.org\/{rel}","templated":true}]}}